rue
Is 19547 a composite number?
True
Is 2569 prime?
False
Is 288803 composite?
False
Is 237317 prime?
False
Is 15419 composite?
True
Is 4111 a composite number?
False
Is 73819 prime?
True
Is 4571 prime?
False
Is 4861 composite?
False
Is 427307 prime?
True
Is 5557 composite?
False
Is 6803 a composite number?
False
Is 5191 a composite number?
True
Is 57637 a composite number?
False
Is 155255 composite?
True
Is 4703 a prime number?
True
Is 60101 prime?
True
Is 32254 a prime number?
False
Is 15727 composite?
False
Is 120607 a composite number?
False
Is 19373 composite?
False
Is 33307 a composite number?
True
Is 3949 prime?
False
Is 8209 composite?
False
Is 793853 composite?
False
Is 21241 prime?
False
Is 492295 prime?
False
Is 153311 a composite number?
True
Is 629483 a composite number?
False
Is 239879 composite?
False
Is 329 prime?
False
Is 328961 a composite number?
False
Is 9257 a composite number?
False
Is 17693 a prime number?
False
Is 23117 a composite number?
False
Is 46714 a composite number?
True
Is 124777 a prime number?
True
Is 2400143 prime?
True
Is 289331 a composite number?
True
Is 1353283 composite?
True
Is 6373 a composite number?
False
Is 81071 a composite number?
False
Is 3418 composite?
True
Is 621101 a composite number?
True
Is 564562 composite?
True
Is 195214 a composite number?
True
Is 18583 a composite number?
False
Is 8947 a prime number?
False
Is 576073 composite?
True
Is 4169 a prime number?
False
Is 979 prime?
False
Is 105511 prime?
False
Is 1378129 composite?
False
Is 431399 a prime number?
True
Is 77431 a composite number?
False
Is 1959 a composite number?
True
Is 272971 a composite number?
False
Is 9371 a prime number?
True
Is 435677 a composite number?
True
Is 7246 composite?
True
Is 1545911 composite?
False
Is 1829293 composite?
False
Is 4837 composite?
True
Is 2144609 a composite number?
False
Is 8497 a composite number?
True
Is 25089 prime?
False
Is 55829 a composite number?
False
Is 1685602 a prime number?
False
Is 3418 prime?
False
Is 272651 prime?
True
Is 30445 composite?
True
Is 661603 composite?
False
Is 777349 prime?
True
Is 46313 a prime number?
False
Is 5381 composite?
False
Is 287173 a composite number?
False
Is 4547 prime?
True
Is 2531 a prime number?
True
Is 7279 composite?
True
Is 467957 a composite number?
True
Is 33406 prime?
False
Is 151631 composite?
False
Is 471031 a prime number?
False
Is 466357 composite?
False
Is 19957 composite?
True
Is 27397 a prime number?
True
Is 2201 composite?
True
Is 587561 a composite number?
True
Is 318031 prime?
False
Is 747379 prime?
False
Is 16877 composite?
True
Is 116941 a composite number?
True
Is 3631 a composite number?
False
Is 529097 a prime number?
True
Is 633 a prime number?
False
Is 6953 prime?
False
Is 232091 a composite number?
False
Is 58889 a composite number?
False
Is 30499 a composite number?
True
Is 723893 a prime number?
True
Is 5779 a composite number?
False
Is 3251 a composite number?
False
Is 559177 composite?
False
Is 2495 prime?
False
Is 698 prime?
False
Is 18041 a composite number?
False
Is 686141 prime?
True
Is 10109 a prime number?
False
Is 1213 composite?
False
Is 105613 prime?
True
Is 128989 a composite number?
True
Is 2537 a prime number?
False
Is 26905 composite?
True
Is 111557 composite?
True
Is 27941 prime?
True
Is 18493 a composite number?
False
Is 99335 composite?
True
Is 81323 composite?
True
Is 95701 prime?
True
Is 177455 a composite number?
True
Is 2341601 a composite number?
False
Is 44723 composite?
True
Is 42641 a prime number?
True
Is 332057 composite?
True
Is 1099 prime?
False
Is 900233 prime?
True
Is 14513 a composite number?
True
Is 23501 composite?
True
Is 202646 a prime number?
False
Is 161571 a composite number?
True
Is 7523 a composite number?
False
Is 3979 prime?
False
Is 76819 composite?
False
Is 1501 a prime number?
False
Is 112757 a composite number?
False
Is 51109 prime?
True
Is 39778 a composite number?
True
Is 19846 a composite number?
True
Is 4409 prime?
True
Is 265961 prime?
True
Is 1379681 a composite number?
False
Is 410087 composite?
False
Is 2503 prime?
True
Is 64367 prime?
False
Is 1907 composite?
False
Is 6197 prime?
True
Is 396509 composite?
False
Is 1072783 a prime number?
False
Is 11107 a composite number?
True
Is 999977 prime?
False
Is 5791921 composite?
False
Is 327 composite?
True
Is 958289 prime?
True
Is 485 a composite number?
True
Is 26327 a composite number?
True
Is 12633 composite?
True
Is 40303 a composite number?
True
Is 3967 prime?
True
Is 272773 composite?
True
Is 188129 prime?
False
Is 27163 prime?
False
Is 69959 prime?
True
Is 22531 a composite number?
False
Is 27227 composite?
True
Is 11863 a prime number?
True
Is 135159 prime?
False
Is 276321 a composite number?
True
Is 28481 composite?
True
Is 57221 a composite number?
False
Is 6029 prime?
True
Is 1179677 prime?
True
Is 71527 a prime number?
True
Is 26485 a prime number?
False
Is 4843 a composite number?
True
Is 3299 a prime number?
True
Is 18485 a prime number?
False
Is 74031 a composite number?
True
Is 43151 a composite number?
False
Is 87299 prime?
True
Is 97607 prime?
True
Is 252139 composite?
False
Is 277031 a prime number?
False
Is 34189 composite?
True
Is 41551 a composite number?
True
Is 20140027 prime?
True
Is 58027 composite?
False
Is 1471 composite?
False
Is 1494889 a prime number?
False
Is 10327 a prime number?
False
Is 743045 prime?
False
Is 25351 a composite number?
True
Is 59333 prime?
True
Is 163573 a composite number?
False
Is 5897 prime?
True
Is 117319 prime?
True
Is 12449 a composite number?
True
Is 19105 composite?
True
Is 52147 prime?
True
Is 477541 a prime number?
False
Is 17159 prime?
True
Is 3793 a composite number?
False
Is 108727 a composite number?
False
Is 2823217 composite?
False
Is 3481 composite?
True
Is 50357 a prime number?
False
Is 807439 a prime number?
False
Is 27087 prime?
False
Is 17521 composite?
True
Is 132245 prime?
False
Is 52979 prime?
False
Is 2384207 composite?
True
Is 255287 a composite number?
True
Is 2537263 prime?
False
Is 2060959 prime?
False
Is 66497 composite?
True
Is 10651 a prime number?
True
Is 1702409 composite?
False
Is 2391173 a composite number?
True
Is 12497 a prime number?
True
Is 196991 prime?
True
Is 2679091 prime?
True
Is 3117923 a prime number?
True
Is 73339 a composite number?
True
Is 585209 a prime number?
False
Is 81967 a prime number?
True
Is 403823 a prime number?
False
Is 124231 composite?
False
Is 887 a prime number?
True
Is 6046 composite?
True
Is 2998 a composite number?
True
Is 374615 a composite number?
True
Is 294821 composite?
False
Is 841 a prime number?
False
Is 22247 composite?
False
Is 1769731 a prime number?
False
Is 497093 prime?
True
Is 731 a prime number?
False
Is 400757 composite?
True
Is 980027 a composite number?
False
Is 2413 prime?
False
Is 5203001 composite?
False
Is 6247 composite?
False
Is 72019 a composite number?
False
Is 143537 prime?
True
Is 422827 a prime number?
True
Is 192719 composite?
True
Is 17291 a prime number?
True
Is 38039 a composite number?
False
Is 290549 a prime number?
False
Is 3265 prime?
False
Is 28781 prime?
False
Is 2843 a prime number?
True
Is 20635 prime?
False
Is 1548389 composite?
False
Is 24659 composite?
False
Is 4061 a composite number?
True
Is 331 a prime number?
True
Is 4603 a prime number?
True
Is 62121 a prime number?
False
Is 24599 a composite number?
True
Is 123361 a prime number?
False
Is 11967 a prime number?
False
Is 1311767 a prime number?
True
Is 129449 a prime number?
True
Is 48299 prime?
True
Is 288383 a composite number?
False
Is 142003 a composite number?
True
Is 875363 prime?
True
Is 433429 composite?
False
Is 20589 a prime number?
False
Is 74257 a composite number?
False
Is 793379 prime?
True
Is 72997 prime?
True
Is 36607 composite?
False
Is 48549 prime?
False
Is 156407 prime?
False
Is 562439 prime?
True
Is 218923 a composite number?
False
Is 545791 a composite number?
False
Is 184567 prime?
True
Is 99451 a prime number?
False
Is 269795 a prime number?
False
Is 93089 prime?
True
Is 115057 prime?
True
Is 76853 a prime number?
False
Is 11434 prime?
False
Is 673 composite?
False
Is 16495 a prime number?
False
Is 25057 a composite number?
False
Is 605617 prime?
True
Is 10327 a prime number?
Fa